 prime factors of 111993917?
7, 31, 67, 7703
List the prime factors of 122288226.
2, 3, 577, 35323
What are the prime factors of 49778553?
3, 11, 137131
List the prime factors of 3133542174.
2, 3, 7, 74608147
What are the prime factors of 2524301134?
2, 17, 103, 109, 389
List the prime factors of 278934787.
278934787
List the prime factors of 22436071.
7, 71, 6449
List the prime factors of 697394725.
5, 1621, 17209
What are the prime factors of 2866455527?
13, 17, 37, 397, 883
What are the prime factors of 189677799?
3, 37, 569603
List the prime factors of 1296486393.
3, 173, 199, 12553
What are the prime factors of 814758716?
2, 23, 8856073
What are the prime factors of 19763787?
3, 2393, 2753
What are the prime factors of 86444949?
3, 17, 317, 5347
What are the prime factors of 4600088501?
4600088501
What are the prime factors of 44770017?
3, 193, 77323
What are the prime factors of 35378503?
643, 55021
What are the prime factors of 549958059?
3, 7, 19, 29, 5281
What are the prime factors of 546040450?
2, 5, 37, 53, 5569
What are the prime factors of 13615942?
2, 6807971
List the prime factors of 62582778.
2, 3, 3476821
What are the prime factors of 149742652?
2, 127, 281, 1049
List the prime factors of 924023374.
2, 113, 4088599
What are the prime factors of 30230690?
2, 5, 7, 431867
What are the prime factors of 89461900?
2, 5, 11, 167, 487
What are the prime factors of 78134128?
2, 23, 241, 881
What are the prime factors of 1809405498?
2, 3, 223, 863, 1567
What are the prime factors of 8250513338?
2, 17, 242662157
What are the prime factors of 64603849?
23, 2808863
What are the prime factors of 4015805?
5, 131, 6131
List the prime factors of 452271695.
5, 739, 122401
List the prime factors of 110255746.
2, 19, 1231, 2357
List the prime factors of 1006753627.
11, 19, 4817003
What are the prime factors of 517145798?
2, 13, 67, 307, 967
List the prime factors of 746544975.
3, 5, 11, 904903
List the prime factors of 75436058.
2, 37718029
List the prime factors of 2965408966.
2, 13, 114054191
What are the prime factors of 164579393?
11, 14961763
List the prime factors of 22807774.
2, 11, 79, 1193
What are the prime factors of 51833820?
2, 3, 5, 863897
List the prime factors of 186337819.
186337819
What are the prime factors of 2015930727?
3, 97, 769733
List the prime factors of 35194939.
13, 139, 19477
List the prime factors of 552128557.
43, 313, 41023
List the prime factors of 3812888161.
2381, 1601381
List the prime factors of 1095371819.
199, 5504381
List the prime factors of 186376708.
2, 7, 6656311
List the prime factors of 86873528.
2, 7, 701, 2213
What are the prime factors of 197221836?
2, 3, 7, 337, 6967
List the prime factors of 94351284.
2, 3, 383, 2281
What are the prime factors of 15852350?
2, 5, 317047
What are the prime factors of 19122509?
7, 2731787
List the prime factors of 1854565272.
2, 3, 7, 3679693
List the prime factors of 6473808152.
2, 7, 379, 305023
What are the prime factors of 230845847?
191, 269, 4493
What are the prime factors of 280591497?
3, 239, 130447
List the prime factors of 237668498.
2, 79, 1504231
What are the prime factors of 1736581134?
2, 3, 289430189
What are the prime factors of 302872570?
2, 5, 7, 11, 13, 79, 383
What are the prime factors of 775681494?
2, 3, 7, 113, 353, 463
List the prime factors of 53076615.
3, 5, 131, 27011
List the prime factors of 664827128.
2, 7, 43, 276091
What are the prime factors of 410470432?
2, 43, 298307
List the prime factors of 95126031.
3, 7, 11, 13, 10559
List the prime factors of 800368472.
2, 100046059
What are the prime factors of 58191384?
2, 3, 43, 113, 499
What are the prime factors of 2621511533?
2621511533
List the prime factors of 15433749.
3, 1714861
What are the prime factors of 1457752430?
2, 5, 3209, 45427
What are the prime factors of 107555592?
2, 3, 383, 11701
List the prime factors of 731977426.
2, 365988713
What are the prime factors of 323161031?
323161031
List the prime factors of 1608094180.
2, 5, 7, 11, 1044217
List the prime factors of 689185864.
2, 86148233
List the prime factors of 45353803.
11, 1051, 3923
What are the prime factors of 2337311591?
73, 1489, 21503
List the prime factors of 180562366.
2, 7717, 11699
List the prime factors of 31468502.
2, 13, 149, 8123
List the prime factors of 121501887.
3, 13, 67, 46499
List the prime factors of 423931357.
269, 1193, 1321
List the prime factors of 12498290.
2, 5, 7, 61, 2927
What are the prime factors of 41479506?
2, 3, 768139
List the prime factors of 68528378.
2, 149, 229961
List the prime factors of 30335417.
7, 1301, 3331
List the prime factors of 1108134540.
2, 3, 5, 61, 33641
What are the prime factors of 152333879?
152333879
List the prime factors of 103750310.
2, 5, 157, 66083
What are the prime factors of 121649305?
5, 19, 1280519
What are the prime factors of 1244917699?
167, 2521, 2957
What are the prime factors of 139386308?
2, 34846577
List the prime factors of 2207352895.
5, 11, 23, 953, 1831
What are the prime factors of 2959966121?
7, 422852303
List the prime factors of 2760311122.
2, 61, 149, 151849
What are the prime factors of 2867066?
2, 31, 131, 353
What are the prime factors of 175483943?
19, 9235997
What are the prime factors of 27384811?
31, 457, 1933
What are the prime factors of 103488131?
7309, 14159
List the prime factors of 1827063244.
2, 31, 2053, 7177
List the prime factors of 34808025.
3, 5, 7, 66301
List the prime factors of 2699948798.
2, 523, 2581213
List the prime factors of 24602729.
1669, 14741
What are the prime factors of 939297648?
2, 3, 467, 41903
What are the prime factors of 30965022?
2, 3, 11, 19, 8231
What are the prime factors of 1676778573?
3, 558926191
List the prime factors of 28881046.
2, 131, 110233
List the prime factors of 42051454.
2, 71, 296137
What are the prime factors of 303121962?
2, 3, 11, 13, 117763
What are the prime factors of 3076208273?
3076208273
What are the prime factors of 27294760?
2, 5, 151, 4519
List the prime factors of 614154511.
614154511
What are the prime factors of 175573516?
2, 4967, 8837
List the prime factors of 339910114.
2, 19, 8945003
What are the prime factors of 228001616?
2, 317, 44953
List the prime factors of 2364797578.
2, 11, 13, 23, 359501
List the prime factors of 773655128.
2, 709, 136399
What are the prime factors of 107259783?
3, 17, 31, 67843
What are the prime factors of 13971339?
3, 517457
What are the prime factors of 196723449?
3, 13, 1681397
List the prime factors of 361467577.
193, 1872889
What are the prime factors of 128781161?
31, 101, 41131
List the prime factors of 1918221434.
2, 47, 20406611
List the prime factors of 29339912.
2, 7, 523927
What are the prime factors of 55315078?
2, 7, 13, 491, 619
What are the prime factors of 2076611175?
3, 5, 19, 1999
What are the prime factors of 2521393840?
2, 5, 7, 4502489
What are the prime factors of 797655474?
2, 3, 7, 11, 113, 463
List the prime factors of 139490612.
2, 647, 53899
What are the prime factors of 979993699?
83, 1019, 11587
List the prime factors of 9288695025.
3, 5, 17, 2428417
What are the prime factors of 766841003?
766841003
List the prime factors of 202206308.
2, 50551577
What are the prime factors of 4574201793?
3, 7, 1193, 26083
List the prime factors of 3625926.
2, 3, 37, 16333
What are the prime factors of 818464526?
2, 11, 139, 267647
What are the prime factors of 79625734?
2, 251, 158617
What are the prime factors of 262311309?
3, 13, 17, 43, 3067
List the prime factors of 1947777369.
3, 5879, 110437
What are the prime factors of 3371530?
2, 5, 337153
List the prime factors of 154708386.
2, 3, 7, 79, 6661
List the prime factors of 739395800.
2, 5, 11, 13, 103, 251
List the prime factors of 277996264.
2, 7, 13, 73, 5231
List the prime factors of 1485109278.
2, 3, 82506071
List the prime factors of 1925174012.
2, 19, 59, 383
What are the prime factors of 2120181526?
2, 383, 839, 3299
What are the prime factors of 783999791?
783999791
What are the prime factors of 20806187?
20806187
What are the prime factors of 58013379?
3, 61, 251, 421
What are the prime factors of 2147585500?
2, 5, 953, 4507
What are the prime factors of 992075411?
992075411
List the prime factors of 20146971.
3, 13, 516589
List the prime factor